t b(h) = -h**3 - 4*h**2 - 4*h - 1. Let x be -3 + 0/(-2 + 1). Let m be b(x). What is the remainder when 83 is divided by 1*(-2 - (m - 25))?
20
Let f(u) = u**2 + 20*u + 113. Calculate the remainder when f(-20) is divided by 63.
50
Let g(x) = x**3 - 5*x**2 + x - 1. Let s be g(5). Suppose -b + s + 11 = 0. Suppose -6*p + p + b = 0. Calculate the remainder when p is divided by 2.
1
Let q = 4 + -4. Suppose 18 = 2*f + g, -g = 5*f - q*g - 48. Let p(z) = 15*z - 2. Calculate the remainder when p(2) is divided by f.
8
What is the remainder when (-9 - (-168)/15)*65 is divided by 26?
13
Suppose 4*x - 74 - 6 = 0. What is the remainder when 92 is divided by x?
12
Let t(r) = 6*r + 2. Let q = 1765 - 1760. What is the remainder when t(2) is divided by q?
4
Suppose -3*h + 155 = 5*j, -4*h + 5*j + 159 = -1. Calculate the remainder when h is divided by 17.
11
Suppose 5*i - 6*i + 46 = 0. Let l(c) = 3*c - 14. Calculate the remainder when i is divided by l(11).
8
Suppose -13*v = -416 + 234. What is the remainder when 19 is divided by v?
5
Suppose -5*d = 538*i - 552*i + 182, 2*d = -2*i + 26. Suppose -5*k + 212 - 27 = 0. What is the remainder when k is divided by i?
11
Suppose 5*l - 182 - 43 = 0. Let h = l - 15. Suppose -4*z + h = -z. What is the remainder when 29 is divided by z?
9
Suppose -i = -k - 117, -k + 224 = 2*i - 5*k. Suppose 3*z = u - 10, 0 = 5*u + 2*z + z - i. Calculate the remainder when 73 is divided by u.
7
Suppose 186*t - 188*t - 34 = -5*i, i + 2*t = 14. Calculate the remainder when 87 is divided by i.
7
Suppose t + 13 = u, 2*t - 10 = -3*t. Calculate the remainder when 28 is divided by u.
13
Suppose 22*m - 20 = 20*m. Let q = 90 - 17. Suppose 2*h + 15 = q. What is the remainder when h is divided by m?
9
Suppose -l + 3*l - 4 = 0. Let r = -23 + -67. What is the remainder when ((-8)/5)/(36/r) is divided by l?
0
Suppose -3*z = -4*z. Let c be (2 + -4)*9/(-6). Suppose -2*q = -c*n - z*q + 52, -2*q - 32 = -2*n. Calculate the remainder when n is divided by 12.
8
Let o = 187 + -127. Suppose 5*h - m - 71 = o, h - 4*m - 30 = 0. What is the remainder when 127 is divided by h?
23
Let b be 2/3*(-12)/8. Let j be (-158)/3 - b/(-3). Let g = -38 - j. What is the remainder when g is divided by 9?
6
Let b be 3*(2/4)/((-2)/(-4)). Suppose -3*i + 20 = 4*r - i, -4*i = -b*r + 26. Calculate the remainder when r is divided by 2.
0
Suppose -3*v - 323 = -2*k - 368, 3*v - 5*k - 36 = 0. What is the remainder when -1 + 60 + (-1 - -4) is divided by v?
11
Let u be (-7 - -6)/((-2)/2). What is the remainder when 16 is divided by (-10)/(-5) + u + 7?
6
Let m(f) be the third derivative of 17*f**5/60 - f**4/24 - f**3/3 - 7*f**2. Calculate the remainder when m(2) is divided by 13.
12
Suppose 0 = 2*t - 14 - 10. Let g = t - 11. Suppose -y = -g - 32. What is the remainder when y is divided by 9?
6
Let c(g) = 37*g + 642. What is the remainder when 100 is divided by c(-17)?
9
Let t(c) = 38*c - 113. Calculate the remainder when t(5) is divided by 9.
5
Suppose -99*k + 126*k = 621. What is the remainder when 620 is divided by k?
22
Let b = 388 - 687. Let v = -158 - b. What is the remainder when v is divided by 36?
33
Let r = 1015 + -994. What is the remainder when 138 is divided by r?
12
Suppose q + 16*q = 85. Suppose m - 108 = -3*a, -2*a = -4*m - q*a + 423. Calculate the remainder when m is divided by 22.
17
Calculate the remainder when 46 - 14*(-7)/14 is divided by 40.
13
Suppose 0 = 2*a - f - 168, f + 4*f - 450 = -5*a. Let y = a - 72. What is the remainder when 25 is divided by y?
11
Let d = -23 + 25. Suppose -y = d - 34. What is the remainder when y is divided by 11?
10
Let i be (12/(-15))/(4/(-40)*4). What is the remainder when -3*i/4*190/(-3) is divided by 24?
23
Let a = -4 + 13. Calculate the remainder when 36*((-210)/40 + 6) is divided by a.
0
Suppose 3*u - 103 = 56. What is the remainder when u is divided by (-70)/(-4)*(-24)/(-15)?
25
Suppose -5*y - w = -24, 3*y - 5 = 5*w + 15. Suppose y*v - 309 = -2*j, v + j + 4*j - 48 = 0. Calculate the remainder when v is divided by 16.
15
Let y(l) = l**3 - 9*l**2 + 9*l - 2. Let d be y(8). Suppose -11*s = -d*s. Let k(n) = n**3 + 8. Calculate the remainder when k(s) is divided by 5.
3
Let w = 1451 + -1432. Calculate the remainder when 284 is divided by w.
18
Suppose 7*x - 59 = 6*x. Suppose 3*r = -3*b - 5 + 62, 3*r + 4*b - x = 0. What is the remainder when r is divided by 7?
3
Suppose 5*v + u = 14, -v - 3*u = 3 - 17. Suppose -h + 678 = v*h. Suppose 0 = 5*s + 21 - h. Calculate the remainder when s is divided by 21.
20
Suppose -l + 2*l = 17. Let s = -45 + 36. Let p = l + s. What is the remainder when p is divided by 3?
2
Let n(a) = -a + 6. Let c be n(5). Suppose -5 = 3*g - 4*d, g + 3*d = -2*g + 30. Calculate the remainder when 16 + (-1)/(c + -2) is divided by g.
2
Let l(q) = q - 12. Let m be l(16). Suppose -1 = f + 4*g, -2*f - f + m*g + 13 = 0. What is the remainder when 18 is divided by f?
0
Suppose -119 - 14 = -7*s. Calculate the remainder when 141 is divided by s.
8
Let l(j) = -j**3 + 9*j**2 + 2. Suppose 12 = 3*x + 3, 6 = 4*q + 2*x. Suppose q = -2*k + 3 - 1. What is the remainder when l(9) is divided by k?
0
What is the remainder when 1039 is divided by (32/(-6))/(-8)*-3 - -28?
25
Let x = -157 + 169. Calculate the remainder when 90 is divided by x.
6
Suppose -4*m - 2*v = -6, 3*m - 20 = 2*v + 2. Suppose -m*d + 1 = -11. Calculate the remainder when 7 is divided by d - 1 - (5 + -7).
3
Let i(l) = l + 0 - 7 - 2 + l**2 + 3. Calculate the remainder when i(-5) is divided by 9.
5
Let u(q) = q**2 + 7*q - 5. Let b be u(-8). Suppose 0 = -d - b + 26. Suppose 0*f + 5*f = 60. Calculate the remainder when d is divided by f.
11
Let j = 210 - 143. Let k = 89 + 13. What is the remainder when j is divided by k/4*(0 - 12/(-18))?
16
Suppose -2*z = -4*z + 4*t - 16, -z = 2*t. Let s(k) = -2*k + 3. Calculate the remainder when 21 is divided by s(z).
10
Suppose 0*r + 5*r = -55. Let q = r + 26. Suppose 444 = -10*v + 504. Calculate the remainder when q is divided by v.
3
Let r = 55 + -2. Let x = -2 - -13. Calculate the remainder when r is divided by x.
9
Let n(x) = -x**3 + 7*x**2 - 5*x + 4. Let t be n(5). Suppose t + 22 = h. Let d = -4 + 31. What is the remainder when h is divided by d?
24
Let j = 10 - 3. Let y = 190 + -164. What is the remainder when y is divided by j?
5
Let q = -16 - -32. Let x = q + -4. What is the remainder when 46 is divided by x?
10
Let l(h) = -h + 12. Calculate the remainder when 30 is divided by l(-6).
12
What is the remainder when 39 is divided by (2/(-5))/(7 - 5336/760)?
1
Let f be 14*(-5)/(-50)*5. Suppose 0 = -2*m + 10, -2*q - f*m = -2*m - 43. Suppose -141 = -q*y + 6*y. Calculate the remainder when y is divided by 16.
15
Let o be (-2 - (20 + 0)) + (-16)/(-8). Calculate the remainder when (o/15)/(2/(-3)) is divided by 1.
0
Suppose 5*w - 43 - 4 = -g, 2*w = -g + 17. Calculate the remainder when w is divided by (0 + 7 + (-133)/38)*2.
3
Calculate the remainder when 53 is divided by 9/180*12 + 137/5.
25
Suppose -3*s + 8 = -4*i, 0 = -0*s + 3*s + 2*i - 14. Suppose h - 14*h + 1989 = 0. Suppose s*y - h = y. Calculate the remainder when y is divided by 27.
24
Let l(g) = -40*g**3 - g**2 + 2*g. Calculate the remainder when 219 is divided by l(-1).
34
Suppose 3*s - 4*j = 20 + 1, -2*s + 10 = -4*j. Suppose 3*m + 2*m = 980. Suppose -m = -5*d - s. Calculate the remainder when 145 is divided by d.
34
Let b = -195 + 224. Calculate the remainder when 168 is divided by b.
23
Let l = -15 + 17. Suppose -l*x = -5*y + 6, -5*x - 2 = -3*y - 6. What is the remainder when 9 is divided by y?
1
Let c = 315 + -215. Suppose 2*s + l + l + 40 = 0, -l = -4*s - c. Let h = s - -37. What is the remainder when 50 is divided by h?
11
Let g(w) = -w**3 + 9*w**2 - 5*w - 6. Calculate the remainder when g(7) is divided by 0 + (-15)/(-3 - -2).
12
Let m(o) = 199*o**2 - 3*o - 14. What is the remainder when m(-2) is divided by 10?
8
Let o = -109 - -74. Let f = -10 - o. What is the remainder when 74 is divided by f?
24
Suppose 19*d + 216 = 786. Calculate the remainder when d is divided by 228/14 + 12/(-42).
14
Let z = 11 + -11. Suppose -2*v + z + 24 = 0. Calculate the remainder when 35 is divided by v.
11
Suppose -2*k = 4*q + 148, -q + 2*k - 37 = -0*q. Let a = q + 78. Calculate the remainder when a is divided